{"id":12,"date":"2012-02-09T04:15:37","date_gmt":"2012-02-09T04:15:37","guid":{"rendered":"http:\/\/yasasintohumlar.org\/?page_id=12"},"modified":"2018-04-27T21:16:28","modified_gmt":"2018-04-27T19:16:28","slug":"iletisim","status":"publish","type":"page","link":"https:\/\/yasasintohumlar.bugday.org\/?page_id=12","title":{"rendered":"\u0130leti\u015fim"},"content":{"rendered":"<p><!--:tr--><strong>Bu\u011fday Ekolojik Ya\u015fam\u0131 Destekleme Derne\u011fi<\/strong><br \/>\n\u0130leti\u015fim Adresi:Osmana\u011fa Mahallesi, Yo\u011furt\u00e7u \u015e\u00fckr\u00fc Sokak, A.H. Uzunal \u0130\u015f Merkezi, No: 48 Daire:6 Kad\u0131k\u00f6y-\u0130stanbul<br \/>\nTelefon : +90 (216) 349 99 33<br \/>\nFaks : +90 (216) 345 99 39<br \/>\nwww.bugday.org &#8211; portal@bugday.org<\/p>\n<p><!--:--><!--:en--><strong><strong>Bu\u011fday Association for Supporting Ecological Living<\/strong><\/strong><br \/>\nAddress: Osmana\u011fa Mahallesi, Yo\u011furt\u00e7u \u015e\u00fckr\u00fc Sokak, A.H. Uzunal \u0130\u015f Merkezi, No: 48 Daire:6 Kad\u0131k\u00f6y-\u0130stanbul \/ TURKEY<br \/>\nPhone: +90 (216) 349 99 33<br \/>\nFax : +90 (216) 345 99 39<br \/>\nwww.bugday.org &#8211; info@bugday.org<\/p>\n<p><!--:--><\/p>\n","protected":false},"excerpt":{"rendered":"<p>Bu\u011fday Ekolojik Ya\u015fam\u0131 Destekleme Derne\u011fi \u0130leti\u015fim Adresi:Osmana\u011fa Mahallesi, Yo\u011furt\u00e7u \u015e\u00fckr\u00fc Sokak, A.H. Uzunal \u0130\u015f Merkezi, No: 48 Daire:6 Kad\u0131k\u00f6y-\u0130stanbul Telefon : +90 (216) 349 99 33 Faks : +90 (216) 345 99 39 www.bugday.org &#8211; portal@bugday.org Bu\u011fday Association for Supporting &hellip; <a href=\"https:\/\/yasasintohumlar.bugday.org\/?page_id=12\">Continue reading <span class=\"meta-nav\">&rarr;<\/span><\/a><\/p>\n","protected":false},"author":8,"featured_media":0,"parent":0,"menu_order":5,"comment_status":"closed","ping_status":"open","template":"","meta":{"footnotes":""},"_links":{"self":[{"href":"https:\/\/yasasintohumlar.bugday.org\/index.php?rest_route=\/wp\/v2\/pages\/12"}],"collection":[{"href":"https:\/\/yasasintohumlar.bugday.org\/index.php?rest_route=\/wp\/v2\/pages"}],"about":[{"href":"https:\/\/yasasintohumlar.bugday.org\/index.php?rest_route=\/wp\/v2\/types\/page"}],"author":[{"embeddable":true,"href":"https:\/\/yasasintohumlar.bugday.org\/index.php?rest_route=\/wp\/v2\/users\/8"}],"replies":[{"embeddable":true,"href":"https:\/\/yasasintohumlar.bugday.org\/index.php?rest_route=%2Fwp%2Fv2%2Fcomments&post=12"}],"version-history":[{"count":16,"href":"https:\/\/yasasintohumlar.bugday.org\/index.php?rest_route=\/wp\/v2\/pages\/12\/revisions"}],"predecessor-version":[{"id":622,"href":"https:\/\/yasasintohumlar.bugday.org\/index.php?rest_route=\/wp\/v2\/pages\/12\/revisions\/622"}],"wp:attachment":[{"href":"https:\/\/yasasintohumlar.bugday.org\/index.php?rest_route=%2Fwp%2Fv2%2Fmedia&parent=12"}],"curies":[{"name":"wp","href":"https:\/\/api.w.org\/{rel}","templated":true}]}}